- 7*j**2 - 8*j - 10. Let k be f(-6). Suppose -k*i + x = 2. List the prime factors of i.
2, 11
Suppose 2*x = 5*t + 305, t + 38 = 2*x + 3*x. Let g = -41 - -5. Let r = g - t. What are the prime factors of r?
3
Let t = -286 + 574. Let n = -149 + t. What are the prime factors of n?
139
Suppose -t = 2*t. Suppose 2*j + 3*j = t. Suppose -182 = -5*u + 4*c, 3*u + 5*c - 75 - 49 = j. List the prime factors of u.
2, 19
Suppose 0 = 3*n + 5*z + 101 - 384, 0 = -4*z - 16. Let j = n - 6. What are the prime factors of j?
5, 19
Suppose -m = 4*r + 4*m + 375, 264 = -3*r + 2*m. What are the prime factors of (66/99)/((-4)/r)?
3, 5
Let c be ((-4)/(-2) + -22)*-5. Suppose 0 = 4*s - c. Suppose -f - 10 = -2*f - 5*x, -4*f - 5*x + s = 0. What are the prime factors of f?
5
List the prime factors of (-1 - (-24)/26) + (-40890)/(-65).
17, 37
Suppose -4*y + 31 = -21. Suppose 3*n + y - 184 = 0. List the prime factors of n.
3, 19
Let r(d) = 3*d**2 + 19*d - 6. Let s be ((-21)/(-3) + 1)*1. Let w be 44/(-6) - s/12. List the prime factors of r(w).
2, 17
Let z be (-17)/5 - (-3)/(-5). What are the prime factors of (-2 - -3)*(-412)/z + 3?
2, 53
Let z be 42/9*21/2. Let c be z/(-14)*(-8)/2. Suppose 15*s - 14*s - c = 0. What are the prime factors of s?
2, 7
Suppose 31*n = 27*n + 5072. List the prime factors of n.
2, 317
Let p = 343 - -34. List the prime factors of p.
13, 29
Suppose -5*x + 0*x + 33 = 4*t, -28 = -4*x - 4*t. Let i(m) = -3*m - 11*m + 5*m + 4*m + 2*m**2 - 2. List the prime factors of i(x).
23
Let t be -5 - -3 - (3 - 9 - 3). Suppose t*l + 58 = 184. What are the prime factors of l?
2, 3
Suppose 2*d + 3*q = 5679, -2*d + q + 3*q + 5658 = 0. List the prime factors of d.
3, 5, 7
Let j(c) = 542*c**2 + 9*c - 3. List the prime factors of j(-2).
19, 113
Let m = -510 - -832. List the prime factors of m.
2, 7, 23
Suppose -22 + 87 = -5*b. Let f = -11 - b. Suppose -w - 15 = -f*w. List the prime factors of w.
3, 5
List the prime factors of -4*708/(-16) + -1.
2, 11
Let x be 7/4 - (-2)/8. Let c be x/3 + 210/9. Suppose b - 29 = -3*b + 5*g, 3*g + c = 3*b. List the prime factors of b.
11
Let n(f) = 2*f**3 - 8*f**2 + 3*f - 9. Let i be n(4). List the prime factors of 788/16*6*2/i.
197
Let r = -169 + 279. Let g = r - 60. What are the prime factors of g?
2, 5
Suppose w - 289 = -k, -3*w = -2*w + 2*k - 294. Suppose -5*j + 5*v + 355 = 0, -4*j = 4*v - 7*v - w. List the prime factors of j.
71
Let o(k) = 4*k**3 + 9*k**2 - 6*k - 13. What are the prime factors of o(5)?
2, 11, 31
Suppose 0 = 2*b + 2*b - 20. Suppose -16 = -b*w + 2*q + 4, -q = 4*w - 3. Suppose w*l = 52 + 12. List the prime factors of l.
2
Let c(v) = -v**3 + 12*v**2 - v + 4. Let j(d) = 2*d - 5. Let f be j(8). What are the prime factors of c(f)?
2, 3, 19
Let p = 275 - -223. Suppose -37 + 404 = 3*m + 4*i, 4*m + i - p = 0. Let x = 187 - m. List the prime factors of x.
2, 31
Let j(h) = -h**2 - 5*h + 12. Let w be j(-5). List the prime factors of ((-70)/w)/((-32)/192).
5, 7
Let t(q) = -4*q**3 + 6*q**2 + 5*q - 13. Let l(h) = -3*h**3 + 7*h**2 + 6*h - 14. Let r(f) = -6*l(f) + 7*t(f). List the prime factors of r(-2).
3, 5
Let l(h) = h**3 - 5*h**2 - 7*h + 6. Let o be l(6). Suppose -7*q + 3*q + 168 = o. Suppose z - q = -z. List the prime factors of z.
3, 7
Suppose 33 = 3*u + 3. Let x be 704/u - 2/5. List the prime factors of 2/6 + x/6.
2, 3
Suppose -13*l + 12*l + 1431 = 0. List the prime factors of l.
3, 53
Let l be 37/(-3) - (-3 + (-48)/(-18)). Let x(j) = j**3 + 14*j**2 + 17*j - 12. What are the prime factors of x(l)?
2, 3
Let z = 95 + -66. Suppose -6*a + z - 5 = 0. Suppose 4*h - 5*k - 149 + 34 = 0, k = -a*h + 97. List the prime factors of h.
5
Suppose -2*t = t - 4*m - 16, -3*m = 2*t - 5. Suppose -5*z + 6*n + 406 = 4*n, -t*z + 318 = -5*n. List the prime factors of z.
2, 41
Let f be 20*1/(1 - -1). Let p(a) be the third derivative of a**4/24 + a**3/2 - 9*a**2. List the prime factors of p(f).
13
Suppose 4*g - 287 = -i, 378 = 4*g + 2*i + 92. Let z = -27 + 30. Suppose m + 70 = z*j, -3*j - 4*m + g = j. List the prime factors of j.
2, 11
Let y(j) = -j + 12. Let f be y(13). Let g = f + 2. Suppose g - 27 = -2*l. What are the prime factors of l?
13
Suppose 0 = 5*v - 14 - 11. Suppose i - v*i = 4*d, 3*d + 6 = 0. Suppose -4*f + 98 = -i*f. List the prime factors of f.
7
Let k(p) = 3 - 6*p - 56*p - 33*p + 27*p. What are the prime factors of k(-1)?
71
Let g = -363 + 1244. What are the prime factors of g?
881
Let p be ((-32)/(-5))/((-1)/(-5)). List the prime factors of (-3 + p/4)*17.
5, 17
Let z be (36/(-8) - -2)/((-5)/2850). Suppose 2 + 23 = -5*s, -5*i + z = 5*s. List the prime factors of i.
2, 5, 29
Let u be 4/(-6) + 56/12. Suppose c + 6 = u*c. List the prime factors of c.
2
Suppose y + 5*d = 4*d + 7, y + 5*d = 19. Suppose -5*a - 277 = -3*s, y*a = -s + 48 + 33. List the prime factors of s.
89
Suppose 5*s + 4*j = 6*j + 647, -4*s = 3*j - 513. What are the prime factors of s?
3, 43
Suppose -2*b + 3185 = j - 1371, -25 = -5*b. What are the prime factors of j?
2, 2273
Let x(g) = 57*g + 3 - 42*g + 46*g. List the prime factors of x(4).
13, 19
Let k(z) = z + 7. Let a be k(-7). Suppose -5*v + a*v + 315 = 0. Suppose -2*g + g = -5*l - 12, 4*g - 5*l = v. List the prime factors of g.
17
Suppose -h + 186*c - 184*c = -564, 4*h + c = 2238. What are the prime factors of h?
2, 5, 7
Let d(p) be the second derivative of -p**5/20 + 3*p**4/4 - 7*p**3/6 + 9*p**2/2 - 15*p. What are the prime factors of d(7)?
2, 29
Suppose -p = -2*c - 1348 - 1422, 0 = 5*p + 3*c - 13850. List the prime factors of p.
2, 5, 277
What are the prime factors of 14716/5 - (792/90)/(-11)?
2, 23
Suppose 2*p = 3*h - 93, 3*p - 103 = 5*p - h. Let z = p + 84. What are the prime factors of z?
2, 3, 5
Let v(a) = a**2 - 9*a + 10. Let f be v(4). List the prime factors of 150/(2*(-15)/f - 2).
2, 3, 5
Let y(n) = -26*n + 2. Let h be y(-1). Suppose 0 = w + h + 15. Let i = -24 - w. What are the prime factors of i?
19
Let h(j) = j**2 + j + 6. Let w be h(7). Let q be 6/3*-1 + w. Suppose 3*d - 3*m - q = 0, 2*d - 2*m = -m + 37. What are the prime factors of d?
17
Let n = 360 - 213. Suppose -3*q = -n + 3. List the prime factors of q.
2, 3
Let p(c) = 13*c**2 - 3*c + 34. List the prime factors of p(13).
2, 137
Let o(z) = 2*z**2 + 3*z + 6. Suppose -1 = -n + 3*u - 15, 0 = -5*u + 20. Let q be 0 + 2 + 4 + n. List the prime factors of o(q).
2, 5
Suppose 26 + 6 = 4*z. Suppose -w + 0 + z = -m, -4*m - 2*w - 44 = 0. What are the prime factors of (-36)/m + (-22)/(-55)?
2
Let h = 9892 + -6568. What are the prime factors of h?
2, 3, 277
What are the prime factors of (4938/(-30))/(5/(-25))?
823
Let r(h) = -4*h + 3*h - 3 - 11*h - h. Let i be r(-2). What are the prime factors of 2/(3 - 67/i)?
23
Let o = 24 - 0. Let j be (o/10 - 2)*305. Suppose 4*m = 2*y + j, -163 = -5*m - 4*y + 3*y. What are the prime factors of m?
2
Let y(w) = w**2 + 9*w - 9. Let h be y(-9). Let x = -2 - h. Suppose 5*d + 3*p + 3 = x, -d - 2*p = 2. List the prime factors of d.
2
Let n(y) = -2*y - 43. Let t be n(-24). Let a = -6 - -8. Suppose 0 = a*h + t - 59. List the prime factors of h.
3
Suppose 1103 = 4*l + 5*h, 11*h = 3*l + 7*h - 804. List the prime factors of l.
2, 17
Let m(g) = g. Let s be m(10). List the prime factors of 20/3*72/s.
2, 3
Let m(x) = 11*x**3 - 2*x**2 + x. Let r be m(1). What are the prime factors of 95/8 - r/(-80)?
2, 3
Suppose 5*h - 675 = -5*f, 0*f - 2*h + 403 = 3*f. Suppose 5*g - f = 4*k, g = -2*k + 3*k + 27. What are the prime factors of g?
5
Suppose m = -c - 4*m + 493, c = -3*m + 483. Suppose 0 = t + 5*t - c. List the prime factors of t.
2, 3, 13
Let p(l) = -4*l**3 + l**2 - 6*l + 5. Let d be p(4). Let b be d/(-21) + (-1)/3. List the prime factors of 3/b + (-23)/(-4).
2, 3
Suppose 0 = -4*d + 12 - 0. Suppose 5*g - 3*j - 25 = 0, 3*j = 4*j. Suppose 2*n - d = g. List the prime factors of n.
2
Let w = -22 - -26. Suppose 4*d = -3*m + 328 - 36, -4*d + 296 = w*m. List the prime factors of d.
2, 5, 7
Let z(a) be the first derivative of a**2/2 + 4*a - 6. Let k be z(-2). Suppose 0*l - 4*r - 104 = -3*l, k*r + 4 = 0. List the prime factors of l.
2
Suppose -h - 4*h = -4*l - 29, -5*l - 20 = -3*h. What are the prime factors of (18/(-12))/(l/22)?
3, 11
What are the prime factors of -6 - (-7 + 6) - -576?
571
Suppose -2*l + 4*l = v - 741, 2*v = -5*l + 1482. What are the prime factor